 thousands digit of 13196?
3
What is the hundreds digit of 4394?
3
What is the ten thousands digit of 28997?
2
What is the tens digit of 18462?
6
What is the units digit of 5979?
9
What is the hundreds digit of 1153?
1
What is the thousands digit of 18190?
8
What is the hundreds digit of 25166?
1
What is the tens digit of 1655?
5
What is the tens digit of 1510?
1
What is the ten thousands digit of 112396?
1
What is the units digit of 858?
8
What is the tens digit of 17640?
4
What is the units digit of 3298?
8
What is the ten thousands digit of 40820?
4
What is the tens digit of 9259?
5
What is the hundreds digit of 179322?
3
What is the thousands digit of 7813?
7
What is the units digit of 8443?
3
What is the tens digit of 6803?
0
What is the hundreds digit of 13779?
7
What is the units digit of 1094?
4
What is the units digit of 1414?
4
What is the units digit of 20996?
6
What is the units digit of 24097?
7
What is the hundreds digit of 1172?
1
What is the hundreds digit of 7064?
0
What is the units digit of 526?
6
What is the units digit of 3676?
6
What is the tens digit of 14693?
9
What is the hundreds digit of 67953?
9
What is the tens digit of 1800?
0
What is the hundreds digit of 7947?
9
What is the hundreds digit of 801?
8
What is the hundreds digit of 18592?
5
What is the tens digit of 696?
9
What is the ten thousands digit of 69384?
6
What is the hundreds digit of 2556?
5
What is the hundred thousands digit of 132849?
1
What is the units digit of 60620?
0
What is the tens digit of 2135?
3
What is the hundreds digit of 53742?
7
What is the units digit of 24321?
1
What is the units digit of 4310?
0
What is the tens digit of 29252?
5
What is the hundreds digit of 5490?
4
What is the units digit of 32733?
3
What is the tens digit of 11431?
3
What is the units digit of 6732?
2
What is the hundreds digit of 223?
2
What is the tens digit of 1023?
2
What is the units digit of 2570?
0
What is the tens digit of 63242?
4
What is the hundreds digit of 3449?
4
What is the units digit of 3874?
4
What is the hundreds digit of 1367?
3
What is the tens digit of 16902?
0
What is the tens digit of 1105?
0
What is the tens digit of 1492?
9
What is the tens digit of 108622?
2
What is the hundreds digit of 651?
6
What is the thousands digit of 5016?
5
What is the hundreds digit of 3410?
4
What is the tens digit of 19816?
1
What is the tens digit of 268?
6
What is the tens digit of 7018?
1
What is the units digit of 82890?
0
What is the thousands digit of 2054?
2
What is the ten thousands digit of 19932?
1
What is the tens digit of 5897?
9
What is the hundreds digit of 1906?
9
What is the thousands digit of 3750?
3
What is the tens digit of 47008?
0
What is the units digit of 23061?
1
What is the tens digit of 650?
5
What is the hundreds digit of 65883?
8
What is the units digit of 397?
7
What is the units digit of 3893?
3
What is the tens digit of 2589?
8
What is the thousands digit of 2822?
2
What is the units digit of 34551?
1
What is the thousands digit of 113168?
3
What is the thousands digit of 22497?
2
What is the units digit of 2148?
8
What is the thousands digit of 78885?
8
What is the hundreds digit of 31550?
5
What is the units digit of 3284?
4
What is the thousands digit of 62199?
2
What is the tens digit of 2177?
7
What is the thousands digit of 3330?
3
What is the units digit of 692?
2
What is the hundreds digit of 1084?
0
What is the ten thousands digit of 85238?
8
What is the units digit of 127?
7
What is the hundreds digit of 603?
6
What is the thousands digit of 25467?
5
What is the thousands digit of 26128?
6
What is the units digit of 177498?
8
What is the hundreds digit of 1426?
4
What is the hundreds digit of 1245?
2
What is the thousands digit of 21745?
1
What is the thousands digit of 99131?
9
What is the tens digit of 45225?
2
What is the tens digit of 423?
2
What is the units digit of 23194?
4
What is the tens digit of 76406?
0
What is the units digit of 58008?
8
What is the hundreds digit of 1332?
3
What is the hundreds digit of 12442?
4
What is the units digit of 3178?
8
What is the tens digit of 6531?
3
What is the hundreds digit of 49566?
5
What is the hundreds digit of 106232?
2
What is the tens digit of 1199?
9
What is the tens digit of 16648?
4
What is the hundreds digit of 6390?
3
What is the tens digit of 59390?
9
What is the ten thousands digit of 81888?
8
What is the units digit of 17847?
7
What is the hundreds digit of 1266?
2
What is the hundreds digit of 1627?
6
What is the tens digit of 8827?
2
What is the units digit of 153173?
3
What is the hundreds digit of 1618?
6
What is the hundreds digit of 25357?
3
What is the tens digit of 981?
8
What is the thousands digit of 1814?
1
What is the units digit of 24756?
6
What is the hundreds digit of 13767?
7
What is the thousands digit of 146773?
6
What is the units digit of 1800?
0
What is the hundreds digit of 3903?
9
What is the thousands digit of 93960?
3
What is the hundreds digit of 131824?
8
What is the units digit of 25678?
8
What is the hundreds digit of 1378?
3
What is the units digit of 1064?
4
What is the hundreds digit of 33922?
9
What is the thousands digit of 1351?
1
What is the tens digit of 92976?
7
What is the hundreds digit of 2350?
3
What is the hundreds digit of 36966?
9
What is the hundreds digit of 2675?
6
What is the thousands digit of 2861?
2
What is the units digit of 10762?
2
What is the units digit of 11589?
9
What is the tens digit of 92?
9
What is the hundreds digit of 32086?
0
What is the ten thousands digit of 27659?
2
What is the ten thousands digit of 51773?
5
What is the tens digit of 107379?
7
What is the thousands digit of 5047?
5
What is the thousands digit of 27289?
7
What is the units digit of 7073?
3
What is the thousands digit of 14171?
4
What is the units digit of 626?
6
What is the units digit of 176872?
2
What is the hundreds digit of 342?
3
What is the units digit of 6490?
0
What is the hundreds digit of 3620?
6
What is the tens digit of 67140?
4
What is the tens digit of 3583?
8
What is the hundreds digit of 5853?
8
What is the thousands digit of 1212?
1
What is the units digit of 1269?
9
What is the thousands digit of 1917?
1
What is the tens digit of 2224?
2
What is the hundreds digit of 37525?
5
What is the hundreds digit of 8124?
1
What is the thousands digit of 4403?
4
What is the thousands digit of 21072?
1
What is the hundreds digit of 199?
1
What is the units digit of 36024?
4
What is the hundreds digit of 952?
9
What is the hundreds digit of 5351?
3
What is the hundreds digit of 854?
8
What is the thousands digit of 41760?
1
What is the hundreds digit of 2466?
4
What is the tens digit of 4723?
2
What is the ten thousands digit of 153799?
5
What is the tens digit of 9059?
5
What is the hundreds digit of 6116?
1
What is the tens digit of 71693?
9
What is the hundreds digit of 6182?
1
What is the thousands digit of 1939?
1
What is the units digit of 1297?
7
What is the hundreds digit of 268?
2
What is the thousands digit of 42584?
2
What is the units digit of 556?
6
What is the tens digit of 44773?
7
What is the tens digit of 30208?
0
What is the tens digit of 135002?
0
What is the thousands digit of 1209?
1
What is the tens digit of 1913?
1
What is the ten thousands digit of 73847?
7
What is the tens digit of 171?
7
What is the units digit of 25592?
2
What is the hundred thousands digit of 121831?
1
What is the units digit of 187?
7
What is the units digit of 123?
3
What is the tens digit of 627?
2
What is the units digit of 521?
1
What is the tens digit of 494?
9
What is the thousands digit of 2081?
2
What is the hundred thousands digit of 108065?
1
What is the thousands digit of 1684?
1
What is the hundreds digit of 309?
3
What is the hundreds digit of 42749?
7
What is the thousands digit of 1671?
1
What is the units digit of 19877?
7
What is the units digit of 4055?
5
What is the tens digit of 151?
5
What is the thousands digit of 30790?
0
What is the tens digit of 514?
1
What is the tens digit of 751?
5
What is the hundreds digit of 2653?
6
What is the hundreds digit of 1793?
7
What is the units digit of 57?
7
What is the hundreds digit of 3886?
8
What is the units digit of 1336?
6
What is the units digit of 4585